s the tens digit of 116/3*l/16?
5
Suppose 3*y - 3*h = 486, 4*h - 472 = -15*y + 12*y. What is the hundreds digit of 36/240*35*y/6?
1
Let d = 0 - 14. Let x be (d/42)/(2/18). Let j(y) = -39*y - 3. What is the hundreds digit of j(x)?
1
Suppose 2157 = y - 0*y + f, 5*y + 2*f = 10791. Suppose -4*g - 275 = -y. What is the hundreds digit of g?
4
Let k be 3 - 2*-4*(-3)/8. Suppose -5*s + 25 = 5*d - k, 2*s = d - 5. Suppose 0 = -5*l + i + 515, -3*l - d*i = l - 383. What is the units digit of l?
2
Let q(g) = -80*g**3 + 1. Let u be q(-1). Let s = u + -68. Suppose s*v - 117 = 12*v. What is the units digit of v?
7
Suppose 0 = -5*b - 2*p + 1922, -b - 3*p + 158 + 229 = 0. Suppose 0 = 2*h - 0 - 6, b = 2*z + 2*h. What is the units digit of z?
9
Let x(y) be the first derivative of 7*y**3/2 + 5*y**2 + 24*y - 9. Let k(b) be the first derivative of x(b). What is the units digit of k(5)?
5
Suppose -5*o = -3*r - 23870, 402*o + 4*r - 19128 = 398*o. What is the tens digit of o?
7
Let m(n) be the first derivative of n**2 + 6*n + 12. Let u be m(4). Suppose -u*h + 13*h + 78 = 0. What is the units digit of h?
8
Suppose -80 = -3*p - a, -a + 8 = p + 4*a. Suppose 0 = 4*m + 4*c + 32, 3*m + p = -4*c + 3. What is the units digit of (82*-1)/(m - -5)?
1
Let l be 14/(7*(-9)/(-252)). Let d(x) = -x**3 + 4*x**2 + x + 1. Let o be d(4). Suppose -o*a + l = k, 4*k - 203 = -0*a + a. What is the tens digit of k?
5
Suppose 9*y = 10*y, -y = 4*k - 2276. Suppose -13*o = -18*o - j + k, 2*j = -2. What is the hundreds digit of o?
1
Suppose -x - 2830300 = -71*x - 354330. What is the hundreds digit of x?
3
Let g(j) be the third derivative of -7*j**6/120 + 13*j**5/60 + 35*j**4/24 + 7*j**3/3 - 161*j**2. What is the hundreds digit of g(-4)?
5
Let i be (7 - 2) + -5 - 5. Let x(n) = -n**3 - 2*n**2 - 3*n - 12. What is the tens digit of x(i)?
7
Suppose -4*c - 70478 = 10*c - 340874. What is the tens digit of c?
1
Suppose 53*g - 191077 = 533645. What is the tens digit of g?
7
Suppose -3*t = 4*d + 332, -t + 0*d = d + 112. Let u = t + 183. Suppose 4*b - 4*n = 5*b - 73, 0 = b + 2*n - u. What is the units digit of b?
1
Let f(j) = 2*j + 2*j**2 - 14 - 27*j - j**2. What is the units digit of f(-14)?
2
Let h = -474 - -485. Suppose -h*g + 4294 = -854. What is the tens digit of g?
6
Suppose -5*g - p = -4015 - 32265, 0 = -2*g + 4*p + 14534. What is the units digit of g?
7
Let y = 43949 + -41105. What is the thousands digit of y?
2
Let l = -626 + 682. Suppose -5*k + 9 = 4*a - 2*k, -a + 5 = -2*k. Suppose -v = d - 2*d + 29, 0 = 2*d - a*v - l. What is the tens digit of d?
3
Let a be (-32)/(-6) - 1*(-12)/18. Suppose 3*b - 15 + 1 = -4*l, -a = -b - 2*l. What is the tens digit of -1*2 + b + -10 + 25?
1
Suppose 124*a - 118*a - 5640 = 0. Suppose 5*t = 3*j - a, 1975 - 403 = 5*j - 3*t. What is the hundreds digit of j?
3
Let d(p) = 144*p**2 + 49*p + 324. What is the thousands digit of d(13)?
5
Suppose 3*g = n + 3*n - 15, n = 4*g + 7. Suppose -n*p + f = 2, 7 = p + 4*f + 25. Let s = p + 19. What is the units digit of s?
7
Let d(h) = 3248*h - 1449. What is the units digit of d(5)?
1
Let y = -330 + 333. Suppose -2*h + 5*v = -153, 4*v = -5*h - 0*v + 333. Suppose 6*x - y = h. What is the tens digit of x?
1
Suppose s - 4*g = 185, s - g - 191 = -0*g. Let p = s - -39. What is the tens digit of p?
3
What is the thousands digit of (8/(-36))/(72/162) - 28013/(-2)?
4
Suppose -4*p - 4*j + 268 = 0, -3*p - 3*j + 196 = -j. Let b(q) = -2*q**3 + 5*q**2 + 3*q - 3. Let c be b(3). Let a = p + c. What is the tens digit of a?
5
Suppose 43*y + 42358 = 45*y. What is the thousands digit of y?
1
Suppose -16*w = -14*w. Suppose w = 4*p + 96 - 332. What is the units digit of p - 0*(-3)/(-12)?
9
Let a be (-1)/(-3) - (-3)/(-9). Let q(u) = -u + 507. Let j be q(a). Suppose j + 72 = 3*b. What is the hundreds digit of b?
1
Suppose -3*h - 3 = 0, -h = -u - 8366 + 37382. What is the ten thousands digit of u?
2
Suppose -2*x = 3*x - 50. Suppose -5*n - 35 = -x*n. Let g = 28 + n. What is the units digit of g?
5
Let s(k) be the second derivative of -83*k**5/20 - k**4/6 - k**3/6 + 3*k**2/2 - 30*k. What is the units digit of s(-2)?
1
Suppose 397 = -4*m + i + 1306, -3*i + 1115 = 5*m. Let j = 268 - m. What is the tens digit of j?
4
Let w = 12422 + -6928. What is the tens digit of w?
9
Suppose 10*v - 7*v = 12. Let b be 10/(4*(-2)/v). Let z(y) = 5*y**2 + 2*y - 20. What is the tens digit of z(b)?
9
Suppose 127 = -5*x - 2*s, 5*x - 2*s + 123 = -0*x. Let t = -2 - x. Suppose -32 = -4*k + 3*v, 3*k - 12 - t = 5*v. What is the units digit of k?
5
Let o be (-1 - 4/2)/(17 - 18). Suppose 10*q - 560 = o*q. What is the units digit of q?
0
Let o(x) = 2892*x + 417. What is the hundreds digit of o(2)?
2
Suppose -8*c = -0*c. Let l be (-61 - 1 - c)/1. Let v = -29 - l. What is the units digit of v?
3
Let r = 20 + 21. Let c = 3 - r. Let f = c + 43. What is the units digit of f?
5
Suppose -33*q + 216 = 51. Suppose 0 = 2*l - q*o - 2679, 4*o + 5328 = 5*l - l. What is the tens digit of l?
2
Let d = -200 - -225. What is the units digit of 3210/d - ((-17)/(-5) + -3)?
8
Let r be 4/(-14) - (-516)/42. Suppose -19 = k - r. What is the tens digit of 6*6/((-12)/k)?
2
Let k(i) = 23*i - 239. Let u be k(10). Let r(m) = 7*m**2 - 8*m - 20. What is the units digit of r(u)?
9
Let y(r) = r**3 - 7*r**2 + r + 720. Let h be y(0). Suppose -2*t + 0*v + h = 4*v, 372 = t + 5*v. What is the units digit of t?
2
Let g be (-4 - (-112)/20) + (-6)/(-15). Suppose -f + 2337 = 5*q, q + 461 = g*q - 3*f. What is the units digit of q?
7
Let a be (-2)/22 - 3480/(-44). Let m = a - -223. What is the hundreds digit of m?
3
Let w = 66 + -45. Suppose 0 = 4*m + 5*k - 164, -95 = -3*m - 2*k + w. Let j = 15 + m. What is the tens digit of j?
5
Let m(z) = 2*z**3 - 36*z**2 + 37*z - 46. Let w be m(17). Suppose -w*n + 8427 = -2*t, 60 = -3*n + 3*t + 5109. What is the tens digit of n?
8
Suppose -314558 = -5*z + 4*h, 50*z + 125819 = 52*z - 3*h. What is the hundreds digit of z?
9
Let d = -108 - -107. Let s be 0/d*(-2 - (-20)/12). What is the units digit of s/(-3 + 1) + (-27 - -61)?
4
Let b(y) be the third derivative of -y**6/60 + 23*y**5/60 + 3*y**4/8 + 5*y**3/2 + 4*y**2. What is the tens digit of b(10)?
0
Let j(l) be the first derivative of -l**3/3 - 27*l**2/2 - 18*l + 11. Let o = -244 + 224. What is the tens digit of j(o)?
2
Let i(d) = -d**3 + 116*d**2 - 111*d + 345. What is the ten thousands digit of i(114)?
1
Suppose -4*j + 461*d + 27064 = 462*d, 4*j + 2*d = 27060. What is the thousands digit of j?
6
Let a = -8471 - -15710. What is the tens digit of a?
3
Suppose q = 9*q - 1176. Suppose 23*p - q = 16*p. What is the tens digit of 16 + p - 1/(1*-1)?
3
What is the tens digit of ((-19222)/20)/(164/(-1640))?
1
Suppose 0 = -83*l + 232895 + 3245469. What is the thousands digit of l?
1
Suppose 0 = -b - t + 223, t - 165 = -2*b + 276. Suppose b + 307 = 3*n - 3*z, 3*n + 2*z = 535. Let f = n - -16. What is the tens digit of f?
9
Let b(u) = 82*u + 2. Let l be b(2). Suppose -2*o - 271 = -5*a, 3*a + l = -5*o - 496. Let v = o - -232. What is the tens digit of v?
9
Let v(r) = -309*r + 665. What is the hundreds digit of v(-20)?
8
Let i(t) = -5*t**3 - 30*t - 8 + 4*t**3 + 2 + 23*t. What is the hundreds digit of i(-9)?
7
Let d(p) = 22*p**3 + 2*p**2 - 3*p + 5. Let i be 10/(-3)*48/(-40). Let s be (-1)/(-32)*i - (-90)/48. What is the units digit of d(s)?
3
Suppose 11*h + 924 = -11. Let u = h - 12. Let d = u + 103. What is the units digit of d?
6
Let s(y) = 3*y**2 + 23*y + 21. Suppose -5*f - 3*g = 41 + 28, 4*f - g + 45 = 0. What is the tens digit of s(f)?
7
Let y = 108 - 106. Suppose -5*v - 709 = -3*o, y*v - 5*v - 6 = 0. What is the hundreds digit of o?
2
Let c(z) = z**3 - 14*z**2 - 17*z + 27. Let l be c(15). What is the hundreds digit of (-394)/l*33/22?
1
Let s(o) = o**2 + 6*o - 49. Let j be s(-11). What is the units digit of -3 + ((-4291)/(-14) - (-3)/j)?
4
Suppose c = 8 - 6. Let n(q) = q - 9 - c*q - q + q. What is the units digit of n(-15)?
6
Let r be (-8)/(-6)*(9 + 6). Suppose 3*c + 5*g = 61, 0 = -3*g - g + r. What is the tens digit of 4/(-12) - (-1108)/c?
9
Suppose 18*k + 654495 = k + 1585959. What is the units digit of k?
2
Let p(t) = -10*t - 55. Let u be p(-19). Let n = u - 140. What is the tens digit of 4185/25 + (4/n)/2?
6
Let k(o) = -3*o - 121. Let h be k(-45). Suppose